 (-9 - 0) + (-55 - (10 - 44)) + 15.
-15
Calculate -94 + 0 + (4 - 4) + 31 + -11 + -10.
-84
Calculate 46 + (4 - (22 - (-13 - -9))).
24
What is the value of 65 - -41 - (-121 + 162)?
65
-86 + -29 + 80 + 29 + (-79 - -1)
-84
Evaluate -13 + (-26 + 10 - -15 - (0 - 0)) + 59.
45
-54 - (0 - (-1 - 0)) - (-365 + -97 - -466)
-59
What is (-97 - (0 - -4)) + 2 + -1 + 12 + -4?
-92
Evaluate (-40 - (-21 + -25)) + (1 + 0 - -1) + -89.
-81
Calculate -13 - (-205 - (-117 - -29)).
104
1 + 1 - -10 - (-1875 - -1788)
99
Calculate (-6 + 6 - -1) + (42 - -1) - (416 - 427).
55
Evaluate -65 - (10 + -176) - (33 - 10).
78
What is -11 + -11 + -10 + 10 - (-5 + -1 - -15)?
-31
9 + (-12 - (-27 + 33)) - -18
9
Calculate 65 + 44 + -117 - 82.
-90
Evaluate 54 - (92 - (99 + -100)).
-39
What is the value of -33 + (14 + 40 + -44 - -143)?
120
What is the value of -16 - (-1 + 8 - (17 + 28 - 19))?
3
Evaluate -113 + 188 + -11 + -48.
16
Calculate 25 + (3 - -32 - 82) - 18.
-40
Evaluate 7 - (1 - -11 - ((-11 - -64) + -13)).
35
What is the value of 1 + 2 + -3 - ((-7 - 6) + -43)?
56
Evaluate (-221 - -151 - -44) + 0 + 5 + -1.
-22
Evaluate (4 - (0 + -15)) + (-81 - -104).
42
(2 + -8 - (21 - (-32 + 56))) + -1 + 58
54
What is the value of (105 - 146) + (8 - -1 - (45 - 43))?
-34
Evaluate 4 - (5 - 3) - (-65 + -85 + 67).
85
Calculate -24 + (9 - 5) + (10 - (1 - -12)) + -5.
-28
Evaluate ((-4 - -1) + 9 - (20 - (-27 - 23))) + 1.
-63
What is (4 + 11 - -49) + (-9 - (-7 - 1))?
63
Calculate (-343 - -384) + (-3 - 4).
34
Calculate -3 - (53 + -51 + 69).
-74
What is (-51 - (-36 + 4)) + 21 + 15?
17
What is the value of 13 + 11 - -62 - 45?
41
What is 8 + (0 - -71) - (-14 - (9 - 37))?
65
(-14 - (3 - 7)) + 21 + (4 - 3) + 4
16
Evaluate (377 - 400) + (-14 - -60).
23
Evaluate -20 + 50 - 62 - -98.
66
23 - (-12 + 45 - -8)
-18
What is 28 - (7 + -16 + 20 + -13)?
30
Evaluate 24 + (5 + -4 + -10 - (7 + -6)).
14
What is the value of (753 - 688) + -63 + 5?
7
-88 + 209 + (-62 - 11)
48
Evaluate -7 + 13 - (-481 + 445).
42
Evaluate -487 + 495 + (5 - (-5 + (6 - 4))).
16
What is the value of (-18 - 15 - -10) + 43 - 5 - 24?
-9
(-422 - -133) + 306 - (6 + -1 + -1)
13
What is the value of -1 - 68 - (-11101 + 11043)?
-11
What is the value of 342 + -351 + -1 + -4 + 25 - -13?
24
Evaluate ((10 - -16) + -21 - -30) + 12.
47
What is the value of -40 + -43 + (11 - -8) + (-15 - -4)?
-75
What is 4 - -77 - 1 - 14 - (2 - (1 - -9))?
74
Calculate (25 - (52 - 10)) + 67.
50
Calculate 9097 + -8971 + (-68 - 1).
57
-7 - ((17 - 26) + 10) - -44
36
What is 693 + -664 + 3 + 6?
38
Evaluate 29 + -1 + (22 - (30 + 10 + -25)).
35
What is the value of -18 + 27 + (-69 - -40)?
-20
Evaluate -80 - -32 - (43 - (16 - -3)).
-72
-9210 - -9110 - (-55 - 0)
-45
What is (61 - 1 - 7) + -18 + 4?
39
What is the value of 45 - (-1479 - -1467 - (-1 - (1 - -12)))?
43
What is the value of -1322 + 1284 + (0 - -21)?
-17
What is -12 + (11 - -98) - (85 - 54)?
66
What is 17 + (21 - 36) - 36?
-34
What is the value of (0 + -4 - -3) + (4 - (-44 - (5 - 15)))?
37
What is -46 + 9 + (4 - 21) - (-24 - -5)?
-35
Calculate 0 + -8 + 11 + -26 + 9 + 31.
17
Evaluate -15 + (25 - 34 - -44) - 107.
-87
What is (-2 - (45 - 4)) + 69?
26
Evaluate 35 + -65 + 19 + -29 + -1.
-41
Evaluate 25 + (-65 - -38) - (19 - 2).
-19
Evaluate (40 - 122) + 36 + 78 - (0 - -11).
21
50 + -64 + 51 - 39
-2
Evaluate -10 + (-1 - (-2 + 0)) - (50 + -54).
-5
What is the value of -1 - (-8 - (-4 + -37) - (4 - 10 - 3))?
-43
What is the value of -11 - ((-15 - (14 + -27)) + 0 + -4)?
-5
Evaluate 150 - 26 - (46 + 14).
64
Evaluate 52 - (0 + 16 + (-1123 - -1086)).
73
Calculate (-4 + 8 - 24) + (-25 - 24) + -26.
-95
Evaluate (-34 - -17) + (65 - 56).
-8
What is the value of -37 - (-26 - 10) - (-2 + 4 + -2 - -50)?
-51
84 - (45 + 52) - (-1 + -29)
17
(33 - -14 - 13) + -107 - (3 + 6)
-82
Evaluate -1 - -5 - (-51 - (4 + -46)).
13
(-114 - -14) + 62 + -64
-102
Calculate -12 + -5 - (18 + (-43 - 2)) - -8.
18
What is 54 + 3 + 41 + -100?
-2
(-55 + 43 - (2 + -10)) + (-2 - 2)
-8
Evaluate 22 - (4 + -2) - (-4 - -11) - 5.
8
Calculate -90 + (8 + 6 - 32) + 25 + (-1 - 11).
-95
What is the value of (-5896 - -5875) + (2 - -68)?
49
Calculate -13 + 41 + -31 + (-16 - -10).
-9
What is -1 + -50 + (691 - 650)?
-10
Evaluate -44 - ((-82 - -86) + (4 - 1)).
-51
What is the value of (-9 + 20 - 5) + 54 - (-7 + 2 + 2)?
63
Calculate 11 + (-4 - 0) + -9 + 9 + (-5 - 2).
0
What is the value of 2 + -3 - (230 - 134) - -30?
-67
What is the value of -59 + 114 + 119 + -76?
98
Calculate (6710 - 6662) + (-4 - (23 - 2)).
23
6639 + -6612 - (2 + -101)
126
What is (8 + -26 + 6 - -5) + (5 - (3 + 3))?
-8
Calculate -2 + 1 + -13 - (-74 - (-82 - 3)).
-25
Calculate -68 + 1 + 12 + -2 + -30 + -51 + 74.
-64
What is -7 - (34 - 19) - (4 - 22)?
-4
What is the value of -11 + (-27 - -5) + 31 + 46?
44
What is -21 + (15 - (14 - 11) - 24) - -4?
-29
What is the value of 51 + 222 + -262 + (16 - (-2 - -1))?
28
Calculate -8 + 3 + 1 + -8 + -2 + 6 - -41.
33
What is the value of 6 - (-9 - -5) - (120 - (-67 - -171))?
-6
Calculate 21 + -2 - ((-97 - -142) + -67).
41
Evaluate (4 - -19) + (511 - 508).
26
(61 - 20) + -34 + (-4 - (-2 - -3 - -36))
-34
Calculate 25 + (-23 - 56) + 114.
60
Evaluate (-16 - -25) + 0 + 2 + 6 + (3 - -5).
25
What is the value of 0 + -2 - 5 - (-151 + -10 - -122)?
32
Evaluate (-8 - (-21 - -13 - 13)) + -6 + 15.
22
What is the value of 64 + 13 - (119 - 74)?
32
Evaluate 54 + (-9 - (9 - 21)) + -15 + 1.
43
What is (3 - (3 - 13) - 0) + -16 - (-2 - -6)?
-7
Evaluate 3 + 1 - (-43 - -16 - (20 + -40)).
11
Calculate (-2 - 3) + 11 + -1 - (0 - -56) - 4.
-55
What is -1 + (4 - (-29 + 11)) + 1?
22
-114 + (139 - (-4 - -24))
5
Evaluate 16 + -15 + 10 + 5 + -46 + 0.
-30
-185 - -197 - (6 + -8)
14
What is -88 + -28 + 100 - -8?
-8
Calculate 4 - -16 - (0 + (-1 - 6) - (-179 + 179)).
27
14 - (36 + -2 + -13 + 21) - -7
-21
Calculate -12 + (43 - (-76 - -85)).
22
Evaluate -19 - (-12 - 23) - (1 + 7 + -4 + -12).
24
Evaluate -140 - (-171 + -70 + 188).
-87
Evaluate -14 + (35 - (10 - -38)).
-27
Calculate -56 + -126 + 72 + 0.
-110
Calculate -38 + (16 - -1 - 15 - -32).
-4
Calculate -62 + 1 - (173 - (52 - -121)).
-61
What is 27 + -11 + (16 + -14 - -4)?
22
941 - 955 - (-45 - (2 - 2))
31
What is the value of 0 + -1 + (76 + 15 - 82)?
8
What is the value of (-66 - -35 - -37) + -2 + -1 + 2 - 33?
-28
What is the value of (-145 - (-251 + -36)) + -100?
42
What is the value of (11 - -32) + (93 - 43) + -54?
39
What is -18 + (-14 - (8 + -13)) + 47?
20
Evaluate -9 + (-44 + 24 - (13 + -5)).
-37
23 - (15 + 30) - -60
38
What is (-8 + (-30 - -24) - -58) + 15?
59
4 - (17 + -14 + 12 + -2)
-9
What is 152 + -250 + 113 + (30 - 1)?
44
What is the value of 7 + -91 - (-45 + 47 - (0 + -1 + 10))?
-77
Evaluate 258 + -292 + (-7 - -8) - -79.
46
What is the value of (-2 - 43) + (-386 - -442)?
11
40 - ((46 - (28 + -9)) + -25)
38
What is the value of -50 - ((32 - 30) + (-16 - 3) + 4 + 1)?
-38
Calculate -22 + -8 + 30 + 8.
8
Calculate 45 - (22 - (31 - 20)) - (0 + 1 - 10).
43
What is the value of (-3 + 4 + -4 - -11) + -17 + (-15 - 77)?
-101
What is the value of -68 + (-18 - -46 - -43)?
3
Calculate 23 - 2 - 39 - (5 - -4) - 9.
-36
What is the value of -1 - 69 - (14 - ((1 - (7 - 24)) + -5))?
-71
What is the value of (143 - 95) + (-16 - 133 - -17)?
-84
36 - (57 - 65 - (0 - (-2 - -8)))
38
Evaluate -13 - (1 + 6 + 335 + -420 - 4).
69
Calculate (20 + -2 - (-3 + (-2 - 2))) + (2 - -4).
31
What is the value of 65 - (-124 - -29 - -168)?
-8
What is the value of (-69 - 16 - 17) + (111 - 100)?
-91
What is the value of 4 + 74 - (-42 + 33 + -3 + -2 + 3)?
89
What is (5 - -18) + -27 - ((2 - 25) + 10)?
9
What is 12 - ((1 - -6) + 16) - -1 - -66?
56
136 + -150 + 21 + -19 + (4 - 1) + 27
18
Calculate (847 - 813) + 3 + -39.
-2
(11 - -1) + (-90 - -186) + -106
2
Evaluate 42 + -17 + -95 + 70.
0
What is (-27 - (-129 - -119)) + 1 + 57?
41
Calculate 79 - ((-15 - (9 - 66)) + -24).
61
Evaluate -61 + (5 - 1) + (-24 - (-40 - -27)).
-68
-6 + 4 + -1 - (-16 + 22 - 35 - -46)
-20
What is the value of (-6 - 1) + (5 - -24 - 12) - (-10 + -1)?
21
Evaluate 56 + (-6 - -5 - 9 - (0 + 5)).
41
(13 - (17 - 7 - 5)) + (-122 - -5) - -4
-105
Evaluate -110 + (145 - (-113 + 166)).
-18
Calculate -10 + -12 + 25 + -10 - (-43 + -1).
37
Calculate 5 + (-5 - (-3 - -3)) + -47 + (4 - 43).
-86
What is the value of 115 - (33 - (-61 - -56))?
77
-3 - (-1